{"id":1221,"date":"2023-11-14T19:19:04","date_gmt":"2023-11-14T19:19:04","guid":{"rendered":"https:\/\/eventos.ese.ips.pt\/siie2023\/?page_id=1221"},"modified":"2023-11-14T20:52:27","modified_gmt":"2023-11-14T20:52:27","slug":"inscricoes2","status":"publish","type":"page","link":"https:\/\/eventos.ese.ips.pt\/siie2023\/index.php\/inscricoes2\/","title":{"rendered":"Inscri\u00e7\u00f5es2"},"content":{"rendered":"<nav style=\"color: #cecece;background-color: #3f687f;\" class=\"is-layout-flex wp-container-2 has-text-color has-background has-medium-font-size is-responsive fixo wp-block-navigation has-medium-font-size\" aria-label=\"Navega\u00e7\u00e3o\"><button aria-haspopup=\"true\" aria-label=\"Open menu\" class=\"wp-block-navigation__responsive-container-open \" data-micromodal-trigger=\"modal-1\"><svg width=\"24\" height=\"24\" xmlns=\"http:\/\/www.w3.org\/2000\/svg\" viewBox=\"0 0 24 24\"><path d=\"M5 5v1.5h14V5H5zm0 7.8h14v-1.5H5v1.5zM5 19h14v-1.5H5V19z\" \/><\/svg><\/button>\n\t\t\t<div class=\"wp-block-navigation__responsive-container  \" style=\"\" id=\"modal-1\">\n\t\t\t\t<div class=\"wp-block-navigation__responsive-close\" tabindex=\"-1\" data-micromodal-close>\n\t\t\t\t\t<div class=\"wp-block-navigation__responsive-dialog\" aria-label=\"Menu\">\n\t\t\t\t\t\t\t<button aria-label=\"Close menu\" data-micromodal-close class=\"wp-block-navigation__responsive-container-close\"><svg xmlns=\"http:\/\/www.w3.org\/2000\/svg\" viewBox=\"0 0 24 24\" width=\"24\" height=\"24\" aria-hidden=\"true\" focusable=\"false\"><path d=\"M13 11.8l6.1-6.3-1-1-6.1 6.2-6.1-6.2-1 1 6.1 6.3-6.5 6.7 1 1 6.5-6.6 6.5 6.6 1-1z\"><\/path><\/svg><\/button>\n\t\t\t\t\t\t<div class=\"wp-block-navigation__responsive-container-content\" id=\"modal-1-content\">\n\t\t\t\t\t\t\t<ul class=\"wp-block-navigation__container\"><li style=\"color: #cecece;background-color: #3f687f;\" class=\"has-text-color has-background has-medium-font-size wp-block-navigation-item wp-block-navigation-link\"><a class=\"wp-block-navigation-item__content\"  href=\"https:\/\/eventos.ese.ips.pt\/siie2023\/\"><span class=\"wp-block-navigation-item__label\">SIIE 2023<\/span><\/a><\/li><li style=\"color: #cecece;background-color: #3f687f;\" class=\"has-text-color has-background has-medium-font-size wp-block-navigation-item wp-block-navigation-link\"><a class=\"wp-block-navigation-item__content\"  href=\"https:\/\/eventos.ese.ips.pt\/siie2023\/index.php\/temas\/\"><span class=\"wp-block-navigation-item__label\">Temas<\/span><\/a><\/li><li style=\"color: #cecece;background-color: #3f687f;\" class=\"has-text-color has-background has-medium-font-size wp-block-navigation-item wp-block-navigation-link\"><a class=\"wp-block-navigation-item__content\"  href=\"https:\/\/eventos.ese.ips.pt\/siie2023\/index.php\/comissoes\/\"><span class=\"wp-block-navigation-item__label\">Comiss\u00f5es<\/span><\/a><\/li><li style=\"color: #cecece;background-color: #3f687f;\" class=\"has-text-color has-background has-medium-font-size wp-block-navigation-item wp-block-navigation-link\"><a class=\"wp-block-navigation-item__content\"  href=\"https:\/\/eventos.ese.ips.pt\/siie2023\/index.php\/datas\/\"><span class=\"wp-block-navigation-item__label\">Datas<\/span><\/a><\/li><li style=\"color: #cecece;background-color: #3f687f;\" class=\"has-text-color has-background has-medium-font-size wp-block-navigation-item wp-block-navigation-link\"><a class=\"wp-block-navigation-item__content\"  href=\"https:\/\/eventos.ese.ips.pt\/siie2023\/index.php\/submissoes\/\"><span class=\"wp-block-navigation-item__label\">Submiss\u00f5es<\/span><\/a><\/li><li style=\"color: #cecece;background-color: #3f687f;\" class=\"has-text-color has-background has-medium-font-size wp-block-navigation-item wp-block-navigation-link\"><a class=\"wp-block-navigation-item__content\"  href=\"https:\/\/eventos.ese.ips.pt\/siie2023\/index.php\/inscricoes2\/\"><span class=\"wp-block-navigation-item__label\">Inscri\u00e7\u00f5es<\/span><\/a><\/li><li style=\"color: #cecece;background-color: #3f687f;\" class=\"has-text-color has-background has-medium-font-size wp-block-navigation-item wp-block-navigation-link\"><a class=\"wp-block-navigation-item__content\"  href=\"https:\/\/eventos.ese.ips.pt\/siie2023\/index.php\/programa\/\"><span class=\"wp-block-navigation-item__label\">Programa<\/span><\/a><\/li><li style=\"color: #cecece;background-color: #3f687f;\" class=\"has-text-color has-background has-medium-font-size wp-block-navigation-item wp-block-navigation-link\"><a class=\"wp-block-navigation-item__content\"  href=\"https:\/\/eventos.ese.ips.pt\/siie2023\/index.php\/oradores-convidados\/\"><span class=\"wp-block-navigation-item__label\">Oradores convidados<\/span><\/a><\/li><li style=\"color: #cecece;background-color: #3f687f;\" class=\"has-text-color has-background has-medium-font-size wp-block-navigation-item wp-block-navigation-link\"><a class=\"wp-block-navigation-item__content\"  href=\"https:\/\/eventos.ese.ips.pt\/siie2023\/index.php\/local\/\"><span class=\"wp-block-navigation-item__label\">Local<\/span><\/a><\/li><li style=\"color: #cecece;background-color: #3f687f;\" class=\"has-text-color has-background has-medium-font-size wp-block-navigation-item wp-block-navigation-link\"><a class=\"wp-block-navigation-item__content\"  href=\"https:\/\/eventos.ese.ips.pt\/siie2023\/index.php\/contactos\/\"><span class=\"wp-block-navigation-item__label\">Contactos<\/span><\/a><\/li><li style=\"color: #cecece;background-color: #3f687f;\" class=\"has-text-color has-background has-medium-font-size wp-block-navigation-item wp-block-navigation-link\"><a class=\"wp-block-navigation-item__content\"  href=\"https:\/\/eventos.ese.ips.pt\/siie2023\/\"><span class=\"wp-block-navigation-item__label\"><img decoding=\"async\" loading=\"lazy\" width=\"50\" height=\"33\" class=\"wp-image-464\" style=\"width: 25px\" src=\"https:\/\/eventos.ese.ips.pt\/siie2023\/wp-content\/uploads\/2023\/02\/bandeira-pt1.png\" alt=\"PT\"><\/span><\/a><\/li><li style=\"color: #cecece;background-color: #3f687f;\" class=\"has-text-color has-background has-medium-font-size wp-block-navigation-item wp-block-navigation-link\"><a class=\"wp-block-navigation-item__content\"  href=\"https:\/\/eventos.ese.ips.pt\/siie2023\/index.php\/en\/\"><span class=\"wp-block-navigation-item__label\"><img decoding=\"async\" loading=\"lazy\" width=\"50\" height=\"33\" class=\"wp-image-450\" style=\"width: 25px\" src=\"https:\/\/eventos.ese.ips.pt\/siie2023\/wp-content\/uploads\/2023\/02\/bandeira-uk.png\" alt=\"\"><\/span><\/a><\/li><\/ul>\n\t\t\t\t\t\t<\/div>\n\t\t\t\t\t<\/div>\n\t\t\t\t<\/div>\n\t\t\t<\/div><\/nav>\n\n\n<div class=\"has-global-padding is-layout-constrained wp-container-3 wp-block-group\">\n<p class=\"has-large-font-size\"><strong>Inscri\u00e7\u00f5es encerradas<\/strong><\/p>\n\n\n\n<p>Por favor, contacte por email: site.2023@ese.ips.pt<\/p>\n\n\n\n<hr class=\"wp-block-separator has-alpha-channel-opacity\"\/>\n\n\n\n<div style=\"height:171px\" aria-hidden=\"true\" class=\"wp-block-spacer\"><\/div>\n\n\n\n<p><strong>A &#8211; Inscri\u00e7\u00e3o com apresenta\u00e7\u00e3o de comunica\u00e7\u00e3o<\/strong><\/p>\n\n\n\n<ul>\n<li>Inclui documenta\u00e7\u00e3o, certificados e acesso a todas as actividades da confer\u00eancia incluindo coffee breaks, visita cultural e jantar SIIE.<\/li>\n<\/ul>\n\n\n\n<p>At\u00e9 14 Outubro &#8211; 175\u20ac<br>Ap\u00f3s 14 Outubro &#8211; 225\u20ac<br>Nota: Autores com mais do que dois papers, acresce o valor de 50\u20ac (por cada comunica\u00e7\u00e3o extra).<\/p>\n\n\n\n<hr class=\"wp-block-separator has-alpha-channel-opacity\"\/>\n\n\n\n<p><strong>B &#8211; Membros da Comiss\u00e3o de Programa e Estudantes com Comunica\u00e7\u00e3o<\/strong><\/p>\n\n\n\n<ul>\n<li>Inclui documenta\u00e7\u00e3o, certificados e acesso a todas as actividades da confer\u00eancia incluindo coffee breaks, visita cultural e jantar SIIE.<\/li>\n<\/ul>\n\n\n\n<p>At\u00e9 14 Outubro &#8211; 150\u20ac<br>Ap\u00f3s 14 Outubro &#8211; 200\u20ac<br>Nota: Autores com mais do que dois papers, acresce o valor de 50\u20ac (por cada comunica\u00e7\u00e3o extra).<\/p>\n\n\n\n<hr class=\"wp-block-separator has-alpha-channel-opacity\"\/>\n\n\n\n<p><strong>C &#8211; Acompanhante<\/strong><\/p>\n\n\n\n<ul>\n<li>Inclui acesso a todas as actividades da confer\u00eancia incluindo coffee breaks, visita cultural e jantar SIIE.<\/li>\n<\/ul>\n\n\n\n<p>At\u00e9 14 Outubro &#8211; 100\u20ac<br>Ap\u00f3s 14 Outubro &#8211; 120\u20ac<\/p>\n\n\n\n<hr class=\"wp-block-separator has-alpha-channel-opacity\"\/>\n\n\n\n<p><strong>D &#8211; Inscri\u00e7\u00e3o sem apresenta\u00e7\u00e3o de comunica\u00e7\u00e3o<\/strong><\/p>\n\n\n\n<ul>\n<li>Inclui documenta\u00e7\u00e3o, certificado e coffee breaks.<\/li>\n<\/ul>\n\n\n\n<p>At\u00e9 14 Outubro &#8211; 80\u20ac<br>Ap\u00f3s 14 Outubro &#8211; 100\u20ac<\/p>\n\n\n\n<hr class=\"wp-block-separator has-alpha-channel-opacity\"\/>\n\n\n\n<p><strong>E \u2013 Estudantes e Docentes do IPS com apresenta\u00e7\u00e3o de comunica\u00e7\u00e3o<\/strong><\/p>\n\n\n\n<ul>\n<li>Inclui documenta\u00e7\u00e3o, certificado e coffee breaks.<\/li>\n<\/ul>\n\n\n\n<p>Inscri\u00e7\u00e3o obrigat\u00f3ria, gratuita<\/p>\n\n\n\n<hr class=\"wp-block-separator has-alpha-channel-opacity\"\/>\n\n\n\n<p><strong>F &#8211; Estudantes sem comunica\u00e7\u00e3o<\/strong><\/p>\n\n\n\n<ul>\n<li>Inclui documenta\u00e7\u00e3o, certificado e coffee breaks.<\/li>\n<\/ul>\n\n\n\n<p>At\u00e9 14 Outubro &#8211; 20\u20ac<br>Ap\u00f3s 14 Outubro &#8211; 25\u20ac<\/p>\n\n\n\n<hr class=\"wp-block-separator has-alpha-channel-opacity\"\/>\n\n\n\n<p><strong>Programa Social<\/strong><\/p>\n\n\n\n<ul>\n<li>Inclui Visita cultural e Jantar SIIE<\/li>\n<\/ul>\n\n\n\n<p>Apenas deve escolher esta op\u00e7\u00e3o se a modalidade em que se inscreveu n\u00e3o inclui o programa social e ainda assim gostasse de participar neste.<\/p>\n\n\n\n<p>Valor: 50\u20ac<\/p>\n<\/div>\n","protected":false},"excerpt":{"rendered":"<p>Inscri\u00e7\u00f5es encerradas Por favor, contacte por email: site.2023@ese.ips.pt A &#8211; Inscri\u00e7\u00e3o com apresenta\u00e7\u00e3o de comunica\u00e7\u00e3o At\u00e9 14 Outubro &#8211; 175\u20acAp\u00f3s 14 Outubro &#8211; 225\u20acNota: Autores com mais do que dois papers, acresce o valor de 50\u20ac (por cada comunica\u00e7\u00e3o extra). B &#8211; Membros da Comiss\u00e3o de Programa e Estudantes com Comunica\u00e7\u00e3o At\u00e9 14 Outubro &#8211; [&hellip;]<\/p>\n","protected":false},"author":1,"featured_media":0,"parent":0,"menu_order":0,"comment_status":"closed","ping_status":"closed","template":"","meta":[],"_links":{"self":[{"href":"https:\/\/eventos.ese.ips.pt\/siie2023\/index.php\/wp-json\/wp\/v2\/pages\/1221"}],"collection":[{"href":"https:\/\/eventos.ese.ips.pt\/siie2023\/index.php\/wp-json\/wp\/v2\/pages"}],"about":[{"href":"https:\/\/eventos.ese.ips.pt\/siie2023\/index.php\/wp-json\/wp\/v2\/types\/page"}],"author":[{"embeddable":true,"href":"https:\/\/eventos.ese.ips.pt\/siie2023\/index.php\/wp-json\/wp\/v2\/users\/1"}],"replies":[{"embeddable":true,"href":"https:\/\/eventos.ese.ips.pt\/siie2023\/index.php\/wp-json\/wp\/v2\/comments?post=1221"}],"version-history":[{"count":5,"href":"https:\/\/eventos.ese.ips.pt\/siie2023\/index.php\/wp-json\/wp\/v2\/pages\/1221\/revisions"}],"predecessor-version":[{"id":1237,"href":"https:\/\/eventos.ese.ips.pt\/siie2023\/index.php\/wp-json\/wp\/v2\/pages\/1221\/revisions\/1237"}],"wp:attachment":[{"href":"https:\/\/eventos.ese.ips.pt\/siie2023\/index.php\/wp-json\/wp\/v2\/media?parent=1221"}],"curies":[{"name":"wp","href":"https:\/\/api.w.org\/{rel}","templated":true}]}}