{"id":243,"date":"2025-01-27T17:32:41","date_gmt":"2025-01-27T17:32:41","guid":{"rendered":"https:\/\/eventos.ese.ips.pt\/slbei2025\/?page_id=243"},"modified":"2025-09-12T13:12:29","modified_gmt":"2025-09-12T13:12:29","slug":"comissoes","status":"publish","type":"page","link":"https:\/\/eventos.ese.ips.pt\/slbei2025\/index.php\/comissoes\/","title":{"rendered":"COMISS\u00d5ES"},"content":{"rendered":"\n<p><strong>Comiss\u00e3o Coordenadora Geral<\/strong><\/p>\n\n\n\n<div style=\"height:40px\" aria-hidden=\"true\" class=\"wp-block-spacer\"><\/div>\n\n\n\n<p>Elisabete Xavier Gomes (Instituto Polit\u00e9cnico de Set\u00fabal &#8211; Escola Superior de Educa\u00e7\u00e3o; CIEQV)<\/p>\n\n\n\n<p>Cleriston Izidro dos Anjos (Universidade Federal de Alagoas)<\/p>\n\n\n\n<p>Ana Lu\u00edsa de Oliveira Pires (Instituto Polit\u00e9cnico de Set\u00fabal &#8211; Escola Superior de Educa\u00e7\u00e3o; CICS-NOVA)<\/p>\n\n\n\n<p>F\u00e1bio Hoffmann Pereira (Universidade Federal de Alagoas)<\/p>\n\n\n\n<p>Fernando Il\u00eddio Ferreira (Universidade do Minho)<\/p>\n\n\n\n<p>Louren\u00e7o Lino de Sousa (Instituto Superior Polit\u00e9cnico do Cuanza Sul)<\/p>\n\n\n\n<p>Maria Teresa Jacinto Sarmento Pereira (Universidade do Minho)<\/p>\n\n\n\n<p>Pedro Cardoso da Silva (Instituto Superior de Ci\u00eancias de Educa\u00e7\u00e3o do Sumbe)<\/p>\n\n\n\n<p><\/p>\n\n\n\n<div style=\"height:36px\" aria-hidden=\"true\" class=\"wp-block-spacer\"><\/div>\n\n\n\n<p><\/p>\n\n\n\n<p><strong>Comiss\u00e3o Cient\u00edfica<\/strong><\/p>\n\n\n\n<div style=\"height:11px\" aria-hidden=\"true\" class=\"wp-block-spacer\"><\/div>\n\n\n\n<p>Ana Alc\u00e2ntara (ESE-IPS)<\/p>\n\n\n\n<p>Ana Luisa Oliveira Pires (ESE-IPS)<\/p>\n\n\n\n<p>Ana C. Pinto (ESE-IPS)<\/p>\n\n\n\n<p>\u00c2ngela Bal\u00e7a (Univ. \u00c9vora)<\/p>\n\n\n\n<p>Assun\u00e7\u00e3o Folque (Univ. \u00c9vora)<\/p>\n\n\n\n<p>Bianor Valente (ESELx-IPL)<\/p>\n\n\n\n<p>Carlos M. Silva (Univ. Minho)<\/p>\n\n\n\n<p>Carolina Faria Alvarenga (Univ Fed. Lavras)<\/p>\n\n\n\n<p>Catarina Delgado (ESE-IPS)<\/p>\n\n\n\n<p>C\u00e9lia MMV Mestre (ESE-IPS)<\/p>\n\n\n\n<p>Cleriston Izidro dos Anjos (UFAL)<\/p>\n\n\n\n<p>Cristina Gomes da Silva (ESE-IPS)<\/p>\n\n\n\n<p>Cristina Gil (ESE-IPS)<\/p>\n\n\n\n<p>Cristina Mesquita (IPBragan\u00e7a)<\/p>\n\n\n\n<p>Cristina Parente (Univ. Minho)<\/p>\n\n\n\n<p>Denise Maria de Carvalho Lopes  (Uni. Fed. Rio Grande do Norte)<\/p>\n\n\n\n<p>Dhemy de Brito (Univ. Minho)<\/p>\n\n\n\n<p>Elisabete X. Gomes (ESE-IPS)<\/p>\n\n\n\n<p>F\u00e1bio Hoffmann Pereira (UFAL)<\/p>\n\n\n\n<p>F\u00e1tima Mendes (ESE-IPS)<\/p>\n\n\n\n<p>Fernando I Ferreira (Univ. Minho)<\/p>\n\n\n\n<p>Gina C. Lemos (ESE-IPS)<\/p>\n\n\n\n<p>Ilda Freire (IPB)<\/p>\n\n\n\n<p>Isabel Maria Tom\u00e1zio Correia (ESE-IPS)<\/p>\n\n\n\n<p>Joana Cabral (ESE-IPS)<\/p>\n\n\n\n<p>Joana Gaud\u00eancio Matos (ESE-IPS)<\/p>\n\n\n\n<p>Jos\u00e9 M Freitas (ESE-IPS)<\/p>\n\n\n\n<p>Linda Maria Saraiva (ESE-IPVC)<\/p>\n\n\n\n<p>Lisandra Ogg Gomes (UERJ)<\/p>\n\n\n\n<p>Luciana E Ostetto (UFF)<\/p>\n\n\n\n<p>Lu\u00eds PL Mercado (UFAL)<\/p>\n\n\n\n<p>Luzia Lima-Rodrigues (ESE-IPS)<\/p>\n\n\n\n<p>M\u00e1rcia Gobbi (USP)<\/p>\n\n\n\n<p>Maria Teresa Elvas (ESE-IPS)<\/p>\n\n\n\n<p>Mariana O. Pinto (ESE-IPS)<\/p>\n\n\n\n<p>Paulo Mauricio (ESE-IPS)<\/p>\n\n\n\n<p>Paulo P Varela (Univ. Minho)<\/p>\n\n\n\n<p>Rahul M Kumar (ESE-IPS)<\/p>\n\n\n\n<p>S\u00edlvia Ferreira (ESE-IPS)<\/p>\n\n\n\n<p>Sofia Corr\u00eaa Figueira (ESE-IPS)<\/p>\n\n\n\n<p>Solange Estanislau dos Santos (IFSP)<\/p>\n\n\n\n<p>Teresa da Costa (ESE-IPS)<\/p>\n\n\n\n<p>Teresa N R Gon\u00e7alves (UFRJ)<\/p>\n\n\n\n<p>Teresa Sarmento (Univ. Minho)<\/p>\n\n\n\n<p>Thais Oliveira de Souza (Univ. Fed. Para\u00edba)<\/p>\n\n\n\n<p>Tiago Almeida (ESELx-IPL)<\/p>\n\n\n\n<p>Vanessa Igl\u00e9sias Amorim (ESE-IPS)<\/p>\n\n\n\n<div style=\"height:38px\" aria-hidden=\"true\" class=\"wp-block-spacer\"><\/div>\n\n\n\n<p><\/p>\n\n\n\n<p><\/p>\n\n\n\n<p><strong>Comiss\u00e3o Organizadora<\/strong><\/p>\n\n\n\n<p><\/p>\n\n\n\n<p>Ana Lu\u00edsa de Oliveira Pires  (Instituto Polit\u00e9cnico de Set\u00fabal &#8211; Escola Superior de Educa\u00e7\u00e3o; CICS_NOVA)<\/p>\n\n\n\n<p>Elisabete X. Gomes (Instituto Polit\u00e9cnico de Set\u00fabal &#8211; Escola Superior de Educa\u00e7\u00e3o; CIEQV)<\/p>\n\n\n\n<p>Cleriston Izidro dos Anjos (Universidade Federal de Alagoas)<\/p>\n\n\n\n<p>F\u00e1bio Hoffmann Pereira (Universidade Federal de Alagoas)<\/p>\n\n\n\n<p>Miguel Figueiredo  (Instituto Polit\u00e9cnico de Set\u00fabal &#8211; Escola Superior de Educa\u00e7\u00e3o)<\/p>\n\n\n\n<p>Pedro Fel\u00edcio (Instituto Polit\u00e9cnico de Set\u00fabal &#8211; Escola Superior de Educa\u00e7\u00e3o)<\/p>\n\n\n\n<p>Henrique Silva (Instituto Polit\u00e9cnico de Set\u00fabal &#8211; Escola Superior de Educa\u00e7\u00e3o)<\/p>\n\n\n\n<p>Dhemy de Brito (Universidade do Minho)<\/p>\n\n\n\n<p>Solange Estanislau (Universidade Federal de Alagoas)<\/p>\n\n\n\n<p><\/p>\n","protected":false},"excerpt":{"rendered":"<p>Comiss\u00e3o Coordenadora Geral Elisabete Xavier Gomes (Instituto Polit\u00e9cnico de Set\u00fabal &#8211; Escola Superior de Educa\u00e7\u00e3o; CIEQV) Cleriston Izidro dos Anjos (Universidade Federal de Alagoas) Ana Lu\u00edsa de Oliveira Pires (Instituto Polit\u00e9cnico de Set\u00fabal &#8211; Escola Superior de Educa\u00e7\u00e3o; CICS-NOVA) F\u00e1bio Hoffmann Pereira (Universidade Federal de Alagoas) Fernando Il\u00eddio Ferreira (Universidade do Minho) Louren\u00e7o Lino de [&hellip;]<\/p>\n","protected":false},"author":1,"featured_media":0,"parent":0,"menu_order":0,"comment_status":"closed","ping_status":"closed","template":"","meta":{"footnotes":""},"_links":{"self":[{"href":"https:\/\/eventos.ese.ips.pt\/slbei2025\/index.php\/wp-json\/wp\/v2\/pages\/243"}],"collection":[{"href":"https:\/\/eventos.ese.ips.pt\/slbei2025\/index.php\/wp-json\/wp\/v2\/pages"}],"about":[{"href":"https:\/\/eventos.ese.ips.pt\/slbei2025\/index.php\/wp-json\/wp\/v2\/types\/page"}],"author":[{"embeddable":true,"href":"https:\/\/eventos.ese.ips.pt\/slbei2025\/index.php\/wp-json\/wp\/v2\/users\/1"}],"replies":[{"embeddable":true,"href":"https:\/\/eventos.ese.ips.pt\/slbei2025\/index.php\/wp-json\/wp\/v2\/comments?post=243"}],"version-history":[{"count":19,"href":"https:\/\/eventos.ese.ips.pt\/slbei2025\/index.php\/wp-json\/wp\/v2\/pages\/243\/revisions"}],"predecessor-version":[{"id":491,"href":"https:\/\/eventos.ese.ips.pt\/slbei2025\/index.php\/wp-json\/wp\/v2\/pages\/243\/revisions\/491"}],"wp:attachment":[{"href":"https:\/\/eventos.ese.ips.pt\/slbei2025\/index.php\/wp-json\/wp\/v2\/media?parent=243"}],"curies":[{"name":"wp","href":"https:\/\/api.w.org\/{rel}","templated":true}]}}