{"id":63,"date":"2024-07-17T18:20:25","date_gmt":"2024-07-17T18:20:25","guid":{"rendered":"https:\/\/eventos.ese.ips.pt\/slbei2025\/?page_id=63"},"modified":"2025-10-13T10:31:09","modified_gmt":"2025-10-13T10:31:09","slug":"home","status":"publish","type":"page","link":"https:\/\/eventos.ese.ips.pt\/slbei2025\/","title":{"rendered":"VIII SLBEI e IV CLABIE"},"content":{"rendered":"\n<div class=\"wp-block-buttons is-content-justification-left is-layout-flex wp-container-core-buttons-is-layout-1 wp-block-buttons-is-layout-flex\">\n<div class=\"wp-block-button has-custom-width wp-block-button__width-100 has-custom-font-size has-x-large-font-size\"><a class=\"wp-block-button__link has-background wp-element-button\" href=\"https:\/\/eventos.ese.ips.pt\/slbei2025\/wp-content\/uploads\/2025\/10\/Atas-VIII-SLBEI-IV-CLABIE-set2025.pdf\" style=\"background-color:#b1367a\" target=\"_blank\" rel=\"noreferrer noopener\"><strong>Livro de Atas \/ Anais<\/strong><\/a><\/div>\n<\/div>\n\n\n\n<div style=\"height:44px\" aria-hidden=\"true\" class=\"wp-block-spacer\"><\/div>\n\n\n\n<p><\/p>\n\n\n\n<p class=\"has-large-font-size\"><strong>Conhecimento, Pol\u00edtica e Comunidade <\/strong><\/p>\n\n\n\n<p class=\"has-text-align-left has-large-font-size\" style=\"margin-right:0;margin-left:0\">na educa\u00e7\u00e3o das crian\u00e7as e na forma\u00e7\u00e3o dos profissionais<\/p>\n\n\n\n<p><\/p>\n\n\n\n<p class=\"has-large-font-size\"><\/p>\n\n\n\n<div style=\"height:65px\" aria-hidden=\"true\" class=\"wp-block-spacer\"><\/div>\n\n\n\n<p>Organizar o VIII Semin\u00e1rio Luso Brasileiro de Educa\u00e7\u00e3o de Inf\u00e2ncia e o IV Congresso Luso-Afro-Brasileiro de Inf\u00e2ncias e Educa\u00e7\u00e3o configura-se como uma oportunidade crucial para pensar criticamente o lugar dos processos de educa\u00e7\u00e3o das crian\u00e7as em Angola, Brasil, Cabo-Verde, Guin\u00e9-Bissau, Mo\u00e7ambique, Portugal e S\u00e3o Tom\u00e9 e Pr\u00edncipe. Realizar-se no Instituto Polit\u00e9cnico de Set\u00fabal \u00e9 o mote para pensar educa\u00e7\u00e3o numa escola que nasceu sem teto, enquanto projeto pol\u00edtico, fundado em valores de democracia participativa e cr\u00edtica, com as crian\u00e7as e as fam\u00edlias, a funcionar em e com espa\u00e7os da comunidade, acolhida por autarquias, associa\u00e7\u00f5es, museus. <\/p>\n\n\n\n<p><\/p>\n\n\n\n<p>Nestes anos, de 2024 e 2025, de m\u00faltiplas celebra\u00e7\u00f5es (100 anos do nascimento de Am\u00edlcar Cabral e M\u00e1rio Soares, 330 anos da morte de Zumbi dos Palmares, 50 anos do 25 de abril e das independ\u00eancias dos pa\u00edses africanos de l\u00edngua oficial portuguesa, 40 anos da ESE-IPS e do Col\u00e9gio de Aplica\u00e7\u00e3o da UFAL, 50 anos da Universidade do Minho) e de tantas cat\u00e1strofes e amea\u00e7as (guerras na Europa, em \u00c1frica e no M\u00e9dio Oriente marcadas por constante infantic\u00eddio; crises clim\u00e1ticas, ecol\u00f3gicas e existenciais com impactos exponenciais nas comunidades; questionamento da ci\u00eancia e manipula\u00e7\u00e3o de informa\u00e7\u00e3o; tend\u00eancias populistas e de perda de direitos), escolhemos dedicar este encontro intercontinental ao debate sobre <strong>conhecimento, pol\u00edtica e comunidade na educa\u00e7\u00e3o das crian\u00e7as e na forma\u00e7\u00e3o de profissionais<\/strong> que as acompanham.<\/p>\n\n\n\n<div style=\"height:32px\" aria-hidden=\"true\" class=\"wp-block-spacer\"><\/div>\n\n\n\n<p><\/p>\n\n\n\n<p><a href=\"https:\/\/eventos.ese.ips.pt\/slbei2025\/index.php\/conhecimento-politica-e-comunidade-na-educacao-das-criancas-e-na-formacao-de-profissionais\/\" data-type=\"page\" data-id=\"161\">Saber mais<\/a><\/p>\n\n\n\n<p class=\"has-medium-font-size\"><\/p>\n\n\n\n<p><\/p>\n","protected":false},"excerpt":{"rendered":"<p>Conhecimento, Pol\u00edtica e Comunidade na educa\u00e7\u00e3o das crian\u00e7as e na forma\u00e7\u00e3o dos profissionais Organizar o VIII Semin\u00e1rio Luso Brasileiro de Educa\u00e7\u00e3o de Inf\u00e2ncia e o IV Congresso Luso-Afro-Brasileiro de Inf\u00e2ncias e Educa\u00e7\u00e3o configura-se como uma oportunidade crucial para pensar criticamente o lugar dos processos de educa\u00e7\u00e3o das crian\u00e7as em Angola, Brasil, Cabo-Verde, Guin\u00e9-Bissau, Mo\u00e7ambique, Portugal [&hellip;]<\/p>\n","protected":false},"author":1,"featured_media":0,"parent":0,"menu_order":0,"comment_status":"closed","ping_status":"closed","template":"","meta":{"footnotes":""},"_links":{"self":[{"href":"https:\/\/eventos.ese.ips.pt\/slbei2025\/index.php\/wp-json\/wp\/v2\/pages\/63"}],"collection":[{"href":"https:\/\/eventos.ese.ips.pt\/slbei2025\/index.php\/wp-json\/wp\/v2\/pages"}],"about":[{"href":"https:\/\/eventos.ese.ips.pt\/slbei2025\/index.php\/wp-json\/wp\/v2\/types\/page"}],"author":[{"embeddable":true,"href":"https:\/\/eventos.ese.ips.pt\/slbei2025\/index.php\/wp-json\/wp\/v2\/users\/1"}],"replies":[{"embeddable":true,"href":"https:\/\/eventos.ese.ips.pt\/slbei2025\/index.php\/wp-json\/wp\/v2\/comments?post=63"}],"version-history":[{"count":36,"href":"https:\/\/eventos.ese.ips.pt\/slbei2025\/index.php\/wp-json\/wp\/v2\/pages\/63\/revisions"}],"predecessor-version":[{"id":546,"href":"https:\/\/eventos.ese.ips.pt\/slbei2025\/index.php\/wp-json\/wp\/v2\/pages\/63\/revisions\/546"}],"wp:attachment":[{"href":"https:\/\/eventos.ese.ips.pt\/slbei2025\/index.php\/wp-json\/wp\/v2\/media?parent=63"}],"curies":[{"name":"wp","href":"https:\/\/api.w.org\/{rel}","templated":true}]}}