{"id":47,"date":"2024-01-12T16:25:38","date_gmt":"2024-01-12T16:25:38","guid":{"rendered":"https:\/\/eventos.ese.ips.pt\/tdigitalset24\/?page_id=47"},"modified":"2025-01-30T13:11:28","modified_gmt":"2025-01-30T13:11:28","slug":"partilhas-de-praticas","status":"publish","type":"page","link":"https:\/\/eventos.ese.ips.pt\/tdigitalset25\/index.php\/partilhas-de-praticas\/","title":{"rendered":"Partilhas de Pr\u00e1ticas"},"content":{"rendered":"\n<p>As Partilhas de Pr\u00e1ticas decorrem da parte da manh\u00e3, em modo <em>gallery walk<\/em>, de acordo com o hor\u00e1rio definido no programa, e ser\u00e3o organizadas da seguinte forma:<\/p>\n\n\n\n<ul>\n<li>Cada Agrupamento envia o seu poster para a organiza\u00e7\u00e3o (joao.gracio@ese.ips.pt ou ana.chambel@ese.ips.pt), <strong>at\u00e9 ao dia 27 de janeiro de 2025<\/strong>, em formato digital, onde seja poss\u00edvel ver algumas pr\u00e1ticas educativas de refer\u00eancia com recurso ao digital, com foco no desenvolvimento curricular, atrav\u00e9s de m\u00e9todos ou estrat\u00e9gias ativas e din\u00e2micas que promovam aprendizagens significativas, evitando centrar-se no uso de ferramentas como fins em si mesmas;<\/li>\n\n\n\n<li>Estes posters ser\u00e3o colocados, no in\u00edcio dos trabalhos, num espa\u00e7o definido pela organiza\u00e7\u00e3o especificamente para este fim;<\/li>\n\n\n\n<li>Durante o <em>gallery walk<\/em>, os elementos da Escola revezam-se, de modo a que exista sempre um elemento junto ao poster enquanto que o outro visita os restantes, de forma a que se troquem ideias entre os participantes.<\/li>\n<\/ul>\n\n\n\n<p><strong>Documentos importantes:<\/strong><\/p>\n\n\n\n<ul>\n<li><a href=\"https:\/\/ipsetubal-my.sharepoint.com\/:p:\/g\/personal\/joao_gracio_ese_ips_pt\/Ea3_gN1GvoNEs_7cIdshzosBkxmLasz90kMiB6G7ABeSSw?e=lELjxi\" target=\"_blank\" rel=\"noreferrer noopener\">Modelo para elabora\u00e7\u00e3o do poster<\/a>;<\/li>\n\n\n\n<li><a href=\"https:\/\/ipsetubal-my.sharepoint.com\/:b:\/g\/personal\/joao_gracio_ese_ips_pt\/EWZgWHrxNtVLprZmPWF7mccB2lUEIOb4EM6za_w3-FwN3w?e=6dx1St\" target=\"_blank\" rel=\"noreferrer noopener\">Crit\u00e9rios de constru\u00e7\u00e3o do poster<\/a>.<\/li>\n<\/ul>\n\n\n\n<hr class=\"wp-block-separator has-text-color has-accent-color has-alpha-channel-opacity has-accent-background-color has-background is-style-wide\"\/>\n\n\n\n<p>Posters enviados pelas escolas<\/p>\n\n\n\n<figure class=\"wp-block-video\"><video controls src=\"https:\/\/eventos.ese.ips.pt\/tdigitalset25\/wp-content\/uploads\/2025\/01\/Apresentacao-de-posteres.mp4\"><\/video><\/figure>\n","protected":false},"excerpt":{"rendered":"<p>As Partilhas de Pr\u00e1ticas decorrem da parte da manh\u00e3, em modo gallery walk, de acordo com o hor\u00e1rio definido no programa, e ser\u00e3o organizadas da seguinte forma: Documentos importantes: Posters enviados pelas escolas<\/p>\n","protected":false},"author":3,"featured_media":0,"parent":0,"menu_order":0,"comment_status":"closed","ping_status":"closed","template":"","meta":{"footnotes":""},"_links":{"self":[{"href":"https:\/\/eventos.ese.ips.pt\/tdigitalset25\/index.php\/wp-json\/wp\/v2\/pages\/47"}],"collection":[{"href":"https:\/\/eventos.ese.ips.pt\/tdigitalset25\/index.php\/wp-json\/wp\/v2\/pages"}],"about":[{"href":"https:\/\/eventos.ese.ips.pt\/tdigitalset25\/index.php\/wp-json\/wp\/v2\/types\/page"}],"author":[{"embeddable":true,"href":"https:\/\/eventos.ese.ips.pt\/tdigitalset25\/index.php\/wp-json\/wp\/v2\/users\/3"}],"replies":[{"embeddable":true,"href":"https:\/\/eventos.ese.ips.pt\/tdigitalset25\/index.php\/wp-json\/wp\/v2\/comments?post=47"}],"version-history":[{"count":43,"href":"https:\/\/eventos.ese.ips.pt\/tdigitalset25\/index.php\/wp-json\/wp\/v2\/pages\/47\/revisions"}],"predecessor-version":[{"id":892,"href":"https:\/\/eventos.ese.ips.pt\/tdigitalset25\/index.php\/wp-json\/wp\/v2\/pages\/47\/revisions\/892"}],"wp:attachment":[{"href":"https:\/\/eventos.ese.ips.pt\/tdigitalset25\/index.php\/wp-json\/wp\/v2\/media?parent=47"}],"curies":[{"name":"wp","href":"https:\/\/api.w.org\/{rel}","templated":true}]}}